18. Let z be a(0). Let y be (-43)/(-9) + (-4)/z. Suppose -5*r + 3*d = 2*d - 137, -3*r - y*d + 71 = 0. What are the prime factors of r?
3
What are the prime factors of -3*(-8)/(-36) + 32885*(-1)/(-3)?
97, 113
Let p = 18 + -3. Suppose -p*z + 14*z = -242. Suppose 5*u - 610 = -5*n, 0 = 4*n - 2*n + u - z. What are the prime factors of n?
2, 3, 5
Let s = -31 + 35. Suppose -i + 2*t = -245, -s*t + 237 + 229 = 2*i. List the prime factors of i.
239
Let b be 3 + 0 + -18 + (-1 - -7). List the prime factors of (35 + -2)*(-291)/b.
11, 97
Let q = 14442 + -3302. List the prime factors of q.
2, 5, 557
Let d(u) = u**2 - 8*u - 6. Let s be d(9). Suppose 4 - 6 = -2*r, -5*k + 21 = -4*r. Suppose s*l = -2*p + 65, -k*p + 43 = -l - 162. List the prime factors of p.
2, 5
Suppose 2*c - 14121 = -f, -f + 17 = 16. List the prime factors of c.
2, 5, 353
Let w(n) = -n**3 + 11*n**2 - 9*n + 9. Let j = 26 - 15. Suppose -16 = -15*s + j*s. What are the prime factors of w(s)?
5, 17
Suppose 0 = 223*f - 830004 - 7078468. What are the prime factors of f?
2, 11, 13, 31
Let i = 17721 + -4769. List the prime factors of i.
2, 1619
Suppose 2*j - 668 = 11*h - 12*h, 1954 = 3*h - 4*j. What are the prime factors of h?
2, 7, 47
Let g = 17106 + -9809. List the prime factors of g.
7297
Let y(u) = -36*u - 2478. List the prime factors of y(-80).
2, 3, 67
Let g(w) = 125*w - 287*w - 227 + 100*w. What are the prime factors of g(-20)?
1013
What are the prime factors of (-912)/(-266)*20601/6?
2, 3, 109
Let x be (-100)/(-225) - 44/18. List the prime factors of ((-8)/(-10))/(x/(-10)) - -230.
2, 3, 13
Let o(c) = 110*c**2 + 88*c - 17. What are the prime factors of o(5)?
19, 167
Let b(w) = -55*w + 115. Let p(g) = 53*g - 115. Let d(a) = 5*b(a) + 6*p(a). What are the prime factors of d(8)?
229
Suppose -3*v - d + 8 = 0, 3*d + 5 = -v - 3. Suppose -v = -q - 2. Suppose q*l - 4*l + 3*r + 206 = 0, 4*l = 3*r + 400. What are the prime factors of l?
97
Suppose 2 = 4*n - 2*y, 2*y = -2*n - 3*y + 31. Suppose 4*i = n*z - 1435, 2*i + 0*z - z + 719 = 0. Let j = 532 + i. What are the prime factors of j?
3, 19
Suppose -l = -3*w - 18, 26 = -l + 2*l - 5*w. Let n(u) = -1 + l*u + 9 - 2 + 1. List the prime factors of n(10).
67
Let g(s) = 48*s**2 - 81*s + 237. Let q(y) = -3*y**2 + 5*y - 15. Let v(c) = -4*g(c) - 66*q(c). List the prime factors of v(7).
2, 3, 7
Suppose -3728*g + 59411 = -3717*g. List the prime factors of g.
11, 491
Let k = -47 + 104. Let q = 191 + k. List the prime factors of q.
2, 31
Let b = 68438 - 30610. What are the prime factors of b?
2, 7, 193
Suppose -15552 = 309*n - 313*n. List the prime factors of n.
2, 3
Suppose 193 = -32*x + 961. Suppose -x*f = -3831 - 1785. What are the prime factors of f?
2, 3, 13
Let s = -48 - -50. Suppose 3*x - 1 = 4*z - 16, -3*z + 10 = -s*x. Let u = z - -24. What are the prime factors of u?
2, 3
Suppose 66*v = 131891 + 252146 + 902039. What are the prime factors of v?
2, 9743
List the prime factors of (1/(-6))/(2/4)*(-42405)/5.
11, 257
Suppose 0 = 19970*u - 19978*u + 54144. List the prime factors of u.
2, 3, 47
Suppose -498*w - 2199602 = -907*w. List the prime factors of w.
2, 2689
Let n = -390 - -654. Let w = n - 117. List the prime factors of w.
3, 7
Let d = 27 - 14. Suppose n = 2*y - d, y + 4*y - 19 = -2*n. What are the prime factors of 74/111 + ((-40)/n)/1?
2, 7
Let v(q) be the first derivative of -q**4/4 + 5*q**3 + 16. Let j be v(15). Suppose 2*u + 6 = j, -2*m + 0*m + 217 = -5*u. What are the prime factors of m?
101
Suppose -6*z + 11 = -13. Let q be (z - (-3 - -5)) + -2. Suppose 0*n = -3*n + 15, q = 3*u + 3*n - 426. What are the prime factors of u?
137
Suppose 11 = 5*g - 4, -q - 4*g + 10178 = 0. List the prime factors of q.
2, 13, 17, 23
Suppose 5*b = 2*r - 16513, -105*b + 108*b = 4*r - 33061. What are the prime factors of r?
8269
List the prime factors of 5326650/147 - 65/91.
5, 7247
Let j(b) = -46*b - 31 - 46 + 22. What are the prime factors of j(-4)?
3, 43
Let y be (2 - 25)/(-10 - (-687)/69). Let h = y - -20. What are the prime factors of h?
3, 61
Let a(i) = -6*i + 66. Let u be a(11). Suppose 3*r - 868 - 104 = u. List the prime factors of r.
2, 3
Let y(l) be the first derivative of -9*l**2/2 + 4*l - 212. Suppose 4*a + 8 = -44. What are the prime factors of y(a)?
11
Suppose 31*m - 60042 = -36884 + 269327. List the prime factors of m.
3, 5, 17, 37
Let y = -24053 - -77752. What are the prime factors of y?
53699
Suppose 5*g - 9540 = -3*k + 7*k, 1924 = g - 4*k. Suppose 5*c - 4742 = -0*c + 4*n, -2*n = 2*c - g. What are the prime factors of c?
2, 5, 19
Let u(s) be the first derivative of s**3/3 + 17*s**2/2 + 31*s - 4263. Let h be (-2)/(-9) - (-146)/(-9). What are the prime factors of u(h)?
3, 5
Let p = 22 + -21. Let t be (2 + p)/(-2*1/(-4)). Suppose -t*i + 7*i = 21. List the prime factors of i.
3, 7
Suppose -2 = h, 4*i + 10*h - 15*h - 9566 = 0. Let w = i + -1316. List the prime factors of w.
29, 37
Let q(o) = -o - 1. Let j be q(-5). Suppose 99*x = -7*x + 19504. Suppose 5*f - s = 72 + x, 4*s = -j. List the prime factors of f.
3, 17
Suppose 5*n + 1911 = 3*y - 0*n, 0 = 5*y - 2*n - 3204. Suppose 12*z - y = 618. Suppose l = 2*d - 225, d - z = -4*l + 6*l. What are the prime factors of d?
5, 23
Suppose 71*x - 40360 = 63*x. What are the prime factors of x?
5, 1009
Suppose 4*r - 33 = -17. Suppose -3*z - 2*t + 1022 = 3*t, -t = -r. List the prime factors of z.
2, 167
Let t(b) = 4*b**2 - 23*b + 30. Suppose -80 = -9*m + 37. List the prime factors of t(m).
11, 37
Let b = -3697 + 2630. Let m = -152 - b. List the prime factors of m.
3, 5, 61
Let a = 158 - -1953. Suppose -b + a = 3*x - 1361, b = -2. List the prime factors of x.
2, 3, 193
Suppose 0 = -4*s + 2947 + 1265. Let x = -508 + s. What are the prime factors of x?
5, 109
What are the prime factors of (-26833)/3*33*(-34)/374?
26833
Suppose -25*y = -104*y + 1725439. What are the prime factors of y?
21841
Let o be ((-3)/(-9))/((-7)/3 - -2). What are the prime factors of ((-32)/(-12))/(1105/(-1110) - o)?
2, 37
Suppose -5*g + 3 = -12, -2*c + 3*g - 45 = 0. Let w(y) = -4*y - 77. Let d be w(c). List the prime factors of (5/10)/(d/(-2280)).
2, 3, 19
Suppose -5*c + 123231 = -2*d, 108120 - 9536 = 4*c - 2*d. List the prime factors of c.
7, 503
Let v(f) = -197*f + 40. What are the prime factors of v(-26)?
2, 29, 89
Suppose 90*u - 127632 = 66*u. List the prime factors of u.
2, 2659
Suppose 18*t + 3 = 21*t, f = -5*t + 26223. List the prime factors of f.
2, 13109
Let a = 22 + -18. Let c(d) = -d**3 + a*d**2 - 7*d**3 + 4 + 32*d - 27*d. What are the prime factors of c(-2)?
2, 37
Let a(d) be the third derivative of 29*d**4/6 + 23*d**3/3 + 57*d**2. What are the prime factors of a(3)?
2, 197
Let q(c) = -25*c + 65. Let u be q(7). What are the prime factors of (1320/300)/(1*(-2)/u)?
2, 11
Suppose 7*w = -13*w - 200. List the prime factors of 62110/(-150)*-3 + (-8)/w.
11, 113
Suppose -3*i = -5*m - 31105, -11*i - m + 10355 = -10*i. What are the prime factors of i?
2, 5, 7, 37
Let v be 5 + ((-567)/(-45) - 3/5). Suppose v*l = 7042 + 5011. List the prime factors of l.
709
Let g be 4/22 - -411*(-32)/(-264). Suppose 49*a = g*a - 321. What are the prime factors of a?
3, 107
Suppose 20*j = -46*j + 419882 - 94502. What are the prime factors of j?
2, 5, 17, 29
Let y(v) = 35*v - 8. Let t be y(1). Let f = t + 26. List the prime factors of f.
53
Let k = 86447 + -32709. What are the prime factors of k?
2, 97, 277
What are the prime factors of (12007 - 7)*(1 + 1)?
2, 3, 5
Suppose 0 = 2*d + b + 7, -4*d + 2*b = -4 - 2. Suppose -2*u + 2*w = -0*u + 154, 300 = -4*u - 4*w. List the prime factors of -1 + d + u/(-1).
2, 37
Let i(f) = -4*f**2 + 43*f - 302. Let h be i(7). Let d(p) = -279*p**3 + p + 1. Let a be d(-1). Let k = a + h. What are the prime factors of k?
2, 41
Let r = -2349 + 3731. Let t = r - 640. List the prime factors of t.
2, 7, 53
Let n(q) = -2*q + 41. Let y be n(19). Suppose p - y*p = 4. List the prime factors of (0 - -6)*((-6)/(-9) - p).
2
Suppose 5*y - 27 = 3*u, y - 5*u + 29 = 5*y. Let f(b) = 9*b**2 + 23*b - 52. List the prime factors of f(y).
2, 5, 41
Suppose m - 14855 = -f, -5*f + 8*m - 5*m = -74307. List the prime factors of f.
3, 13, 127
Let z(q) = 9608*q + 1492. What are the prime factors of z(3)?
2, 11, 13, 53
Let c(q) = -q**3 + 17*q**2 - 29*q - 17. Let i be c(15). Li